j(m) = 6*m**2 - 27*m + 1. Let c be j(8). Let q = c - 88. What is the units digit of q?
1
Suppose -1212*d - 1216 = -1214*d. What is the hundreds digit of d?
6
Let n be (-222)/(-8) - (-6)/(-8). Let v = -45 + n. Let t = v + 52. What is the units digit of t?
4
Let q(h) = 28*h**2 + 6*h. What is the tens digit of q(-3)?
3
Let t(y) = 2*y**2 + y + 8. Let i(d) = -2*d**2 - 2*d - 7. Let f(q) = 5*i(q) + 6*t(q). Let n = -22 + 28. What is the units digit of f(n)?
1
Suppose 0 = -2*g - 3*g + 225. Suppose 0*k + 3*a + 6 = 5*k, 4*k - 15 = -a. Suppose -3*f = -8*f - 5*s + g, 5*s = k*f - 27. What is the units digit of f?
9
Let m = 9418 - 6034. What is the units digit of m?
4
Suppose -10 = f - 14. Suppose -2*s + s - 429 = -4*l, -5*s + 447 = f*l. What is the units digit of l?
8
Suppose 0 = 2*c + 4*u - 868, 60*u - 25 = 65*u. What is the units digit of c?
4
Suppose 11*x = 14*x + 3*v - 9369, 0 = -5*v + 15. What is the units digit of x?
0
Suppose 5*c + 0*c - 4*p = 30, -c + 6 = -4*p. Let r = -6 + c. Suppose 5*x - 55 = -r*x. What is the units digit of x?
1
Let q(j) = 2*j**3 + 2*j**2 + j. Let k be q(-1). Let c be (-9)/(-9) - (7 + k). Let v(s) = s**2 + 5. What is the tens digit of v(c)?
3
Suppose -30518 = -13*u - 2*d, -2*u + 3424 = -5*d - 1287. What is the tens digit of u?
4
Let i be -23 + 3 + 8/2. Let f = -14 - i. Suppose 0*x - x + 51 = -5*k, 138 = f*x - k. What is the tens digit of x?
7
Suppose -9192 = 75*k - 87*k. What is the units digit of k?
6
Suppose 5*d = 4*d + 22. Suppose 0 = -i - g + d, -4*i + 9*i + 2*g = 110. What is the units digit of i?
2
Suppose 2*p - i = 4, 2*p - 7 = -i - 3. Suppose 2*w - p*r = -3*w - 80, -5*r = -4*w - 64. What is the units digit of 20/8*w/(-5)?
8
Suppose 4*x = 7*x + 60. Let z(o) = -16*o - 60. What is the hundreds digit of z(x)?
2
Suppose 0 = -14*o + 3289 - 811. What is the hundreds digit of o?
1
Let d = 9 - 6. Suppose -d*z + 0*z + 9 = 0, 4*p + z - 11 = 0. Suppose -53 = -p*g - 3*w, -6*g + 3*g - 4*w = -79. What is the tens digit of g?
2
Let w be (-5 + 7 - 35)*16/(-6). Let k = -57 + w. What is the units digit of k?
1
Let f be (-7 - -2)/(1 + -2). Let i be 4 - (0 + -1)*-1. Suppose v - 2*v + i*h = -21, h = -f*v + 73. What is the units digit of v?
5
Let t(h) = h**3 + 7*h**2 - 5. Let m(z) = z**2 + 5*z - 4. Suppose 3*v - 5 = 4*q, -4*v + 0*q - 2*q - 30 = 0. Let w be m(v). What is the tens digit of t(w)?
4
Suppose 0 = -8*h + 25 + 23. What is the units digit of (-28)/12 - -2 - (-548)/h?
1
Let c(g) = 10*g**3 - 11*g**2 - 19*g + 49. What is the units digit of c(4)?
7
Suppose -16*r = -41*r + 275. What is the units digit of r?
1
Let t(n) = -n**3 + n**2 - n + 3. Suppose -3*y = 5*b - 6 - 3, 9 = -4*b + 3*y. Let r be t(b). What is the units digit of (-1 - -2)/(1/r)?
3
Let c be (2/(-4))/(4/48). Let h be c/(-4)*(-160)/6. Let w = h + 73. What is the tens digit of w?
3
Let q(d) = -d + 21. Let s be q(0). Let t(h) = 26*h - 211. Let f be t(9). Suppose -s*u - 64 = -f*u. What is the tens digit of u?
3
Let o(l) = l**2 + 8*l - 3. Let t be o(-6). Let n = -6 - t. Suppose v + 4*v - 2*q = 9, 2*q - n = -v. What is the units digit of v?
3
Let h(k) = -27*k - 32. Suppose 0 = -2*r - 0 - 14. What is the hundreds digit of h(r)?
1
Suppose 8 = -2*y + 12. What is the tens digit of 4 - (y - (69 - -3))?
7
Let r(w) = -3*w + 55. Let k be r(15). Let t(o) = -o**2 + 29*o - 9. What is the units digit of t(k)?
1
Let w(k) = -k + 1255. What is the thousands digit of w(-27)?
1
Let k be 0 + -2 - (-1 + 85/5). Let h = 92 - k. What is the hundreds digit of h?
1
Let h(a) = 5*a**3 - 11 - 4*a**3 + 2*a**2 + 7*a**2 - 14*a. Let k be (-1144)/117 + (-4)/18. What is the tens digit of h(k)?
2
Let s(b) = 2*b**2 - 6*b. Let p be (-8)/(-2) - 3/3. Let w be (2/p)/(3/27). What is the units digit of s(w)?
6
Suppose -3*v = v - 20. Suppose -v*t + 1438 = 2*f, -f - 3*f = 2*t - 572. What is the units digit of t?
8
Suppose 4*o - 69 = -9. Suppose 2*d - 125 = o. What is the tens digit of d?
7
Suppose 4*b + 6*b + 660 = 0. Let z = b + 86. What is the tens digit of z?
2
Suppose f + 3*f - 28 = 0. Suppose 2*x - f = 5*u - 22, -3*x - u = -20. Suppose 0*o + o - x*z - 22 = 0, 4*o = 5*z + 28. What is the units digit of o?
2
Let h be (-3 - (-2 - 3))*8. Suppose 4*p - 8 = 2*w, 2*p - 4*p = 4*w + h. Suppose p = -4*a - g + 96, a - 3*g - 4 = 7. What is the units digit of a?
3
Let l(t) = -23*t + 152. What is the hundreds digit of l(-22)?
6
Suppose 0 = -3*c + 18 - 9. Suppose -59 = -c*z + 25. What is the tens digit of z?
2
Suppose -3*s = -4*n + 16836, -6*n + 2*n + 16844 = -s. What is the hundreds digit of n?
2
Let x = 216 + -147. What is the tens digit of x?
6
Let u(g) = -26*g - 4. Let x(w) = -27*w - 3. Let i(h) = 6*u(h) - 5*x(h). Let d be (6/(-9))/((-4)/(-18)). What is the tens digit of i(d)?
5
Let u be 52*((-4)/(-12)*0 + 2). Let h = u + -44. What is the tens digit of h?
6
Let m = 93 + -51. Let f = 14 - m. What is the units digit of (-6)/(2 - -1) - f?
6
Let u = 505 + -245. What is the hundreds digit of u?
2
Suppose 7 - 3 = x. Suppose -3*g - g = -x. Let y = g - -34. What is the units digit of y?
5
Let u(h) = 11*h**2 + 2. Let g be (-66)/(-4) - 2/(-4). Suppose y + g = 5*a, 3*a - 3 = 6. What is the tens digit of u(y)?
4
Suppose -4*f + 2*b = b + 27, -3*f - 12 = 2*b. Let o(g) = -12*g - 7. What is the tens digit of o(f)?
6
Let p(y) = 6*y**2 + 8*y - 3*y - 6*y + 109*y**2. What is the hundreds digit of p(-1)?
1
Suppose -h + 71 = 4*g - 0*h, 0 = -g + 4*h + 22. Suppose -17*f + g*f = 41. What is the units digit of f?
1
Let f(v) be the third derivative of -v**4/24 + v**3/6 + 2*v**2. Let t be f(9). Let q(w) = w**2 + 4*w - 9. What is the units digit of q(t)?
3
Let d = -1336 + 1585. What is the tens digit of d?
4
Let w = 0 - -2. Suppose -3*g + 4 = -4*z, 3*g - z - 3 = w*z. Suppose 4*d + g*d + n - 188 = 0, -2*d - 3*n = -94. What is the tens digit of d?
4
Let k(l) = l - 1. Let v be k(1). Suppose -4*z + 204 + 84 = v. Suppose -24 + z = 4*c. What is the tens digit of c?
1
Suppose p = 23*p - 11902. What is the units digit of p?
1
Suppose 5*p + 0*p = 0. Suppose p = a - 0*a. Suppose a*i = -2*i + 30. What is the tens digit of i?
1
Let t = -3541 + 6611. What is the hundreds digit of t?
0
Suppose 31*c = -7*c + 114684. What is the units digit of c?
8
Suppose -2*y + 0*y + 4 = 0, 0 = -2*h + 4*y + 292. Suppose 5*t - 35 = h. Let l = -16 + t. What is the tens digit of l?
2
Let i = -2 + 470. What is the hundreds digit of i?
4
Let r = 30 + -35. What is the units digit of (-26)/r*(14 - 9)?
6
Let q(j) = 30*j - 11. Let f(z) = 15*z - 6. Let t(v) = -13*f(v) + 6*q(v). What is the hundreds digit of t(-10)?
1
Suppose 18*b = 3284 - 170. What is the hundreds digit of b?
1
Let t = -107 - -109. Suppose 12*y - t*y = 1510. What is the hundreds digit of y?
1
Let x = 1025 - 411. Suppose 4*j = d - 207, -x = -3*d - j + 6*j. What is the units digit of d?
3
Let z(w) = -w**2 + 9*w - 9. Let f be z(6). Suppose 0 = 3*x - 5*x - 2*n + 14, 2*x + n - f = 0. What is the units digit of ((-855)/(-60))/(x/8)?
7
Suppose -3*z - 2*z = y - 553, 0 = 2*y + 4*z - 1088. What is the hundreds digit of y?
5
Suppose -2*g - 2*j = -5*g + 641, 868 = 4*g + 4*j. What is the hundreds digit of g?
2
Let u = -606 + 1759. What is the tens digit of u?
5
Suppose -25*t - 32*t = -70509. What is the hundreds digit of t?
2
Let w = -16 - -22. Let s = w + -4. Suppose -s*v = 2*v - 36. What is the units digit of v?
9
Suppose 3*d = -0 + 3, -d + 365 = r. What is the hundreds digit of r?
3
Suppose 5*w = n - 302 - 256, -3*n - 102 = w. Let r(f) = -9*f**3 - 2*f**2 + f + 1. Let x be r(2). Let l = x - w. What is the tens digit of l?
3
Suppose -22526 + 7930 = -4*a. What is the tens digit of a?
4
Let i(m) = 18*m**3 + 4*m**2 + 2*m - 15. What is the hundreds digit of i(5)?
3
Let v(u) = -u**3 - 21*u**2 - 22*u + 41. What is the tens digit of v(-25)?
9
Let r(c) = -341*c + 323. What is the hundreds digit of r(-6)?
3
Suppose -41*h = -40*h - 4. Suppose 0 = 3*b - 3*w - 51, 0 = -4*b - h*w + 20 + 32. What is the units digit of b?
5
Let y = -3 - -9. What is the tens digit of (y/(-9))/(2/(-138))?
4
Let z = 414 - 276. What is the hundreds digit of z?
1
Suppose -2*w + 5*v + 76 = 0, -2*w + v + 84 = 16. What is the units digit of (3 + (w - 0))*(0 + 2)?
2
Let h be (-45)/10 + (-3)/2. Let a be 45/h*24/(-10). Suppose j - 25 = a. What is the tens digit of j?
4
Let t(f) = 2*f